1401?
10132141430
In base 4, what is -132023110102 - 211?
-132023110313
In base 3, what is -1010120222 + 1012022?
-1002101200
In base 13, what is 251 - 95ac?
-935b
In base 7, what is -3110 + -14541310?
-14544420
In base 14, what is 2d + 4516d3?
451722
In base 11, what is -11a27698 - -5?
-11a27693
In base 5, what is -12114304122 - -100?
-12114304022
In base 8, what is -12222 - 237?
-12461
In base 6, what is -453524315 - -5?
-453524310
In base 11, what is 268911 + 108?
268a19
In base 10, what is 20204 - -54?
20258
In base 2, what is 1101000 - 100011000011110000101?
-100011000011100011101
In base 5, what is -121133 + 13444?
-102134
In base 8, what is 41 + 1554374?
1554435
In base 3, what is -1101201 + 101001211?
22200010
In base 2, what is 1101000010 + 101001000110?
110110001000
In base 8, what is -341172006 - 3?
-341172011
In base 11, what is 1508 - 3a040?
-38633
In base 10, what is -1 + 955422?
955421
In base 6, what is 254 + 132331003?
132331301
In base 12, what is -45715b3 + -4?
-45715b7
In base 7, what is 36 - 2060110?
-2060041
In base 8, what is -31 - -134451?
134420
In base 4, what is 11 + -21323031232?
-21323031221
In base 11, what is 0 + -13449417a?
-13449417a
In base 13, what is -c - 639cb?
-63a0a
In base 12, what is 63 + 4bb5639?
4bb56a0
In base 4, what is -112 + -12322001311?
-12322002023
In base 10, what is 2665564 + -3?
2665561
In base 8, what is -1046061507 + 1?
-1046061506
In base 12, what is -6 + 1564672?
1564668
In base 7, what is -14341 + -220?
-14561
In base 16, what is b36 + 7fe?
1334
In base 9, what is -3 + -64546522?
-64546525
In base 13, what is -4699 + -69?
-4735
In base 11, what is -202924 - 9a8?
-203821
In base 4, what is 10001011 - -20330?
10022001
In base 8, what is 325564 + 114?
325700
In base 11, what is a + 3072a01?
3072a10
In base 9, what is -41200353 + 5?
-41200347
In base 5, what is -104232201 + 42?
-104232104
In base 12, what is 1 + 16102a8?
16102a9
In base 11, what is -13 - -1a6283?
1a6270
In base 4, what is -3 - 1102021030012?
-1102021030021
In base 10, what is 42 + 8535524?
8535566
In base 15, what is e12 - 1c9c?
-d8a
In base 16, what is -5 - -1a6fc15?
1a6fc10
In base 5, what is -3 - -234311423001?
234311422443
In base 7, what is -4366521246 - -4?
-4366521242
In base 15, what is -8c2 - -2e07?
2535
In base 11, what is 785a - -4213?
10a72
In base 6, what is 131435441 + 1125?
131441010
In base 13, what is 456343c - -1?
4563440
In base 14, what is 1 - 2099cc5?
-2099cc4
In base 8, what is -150222064 - -1?
-150222063
In base 6, what is -253121002412 + 3?
-253121002405
In base 13, what is -1b1288b + -5?
-1b12893
In base 7, what is -350 - -303362?
303012
In base 10, what is 380 + 9650?
10030
In base 6, what is 14104 + 35542?
54050
In base 3, what is -11 + 20001020022?
20001020011
In base 10, what is 1449 + 5182?
6631
In base 2, what is -10011000 - -10000000111010100010110?
10000000111010001111110
In base 12, what is 0 + 13a33?
13a33
In base 16, what is -7e3e + c?
-7e32
In base 7, what is 622102 - 532?
621240
In base 8, what is -3 - -1076623265?
1076623262
In base 14, what is 137 - 4c473?
-4c33a
In base 4, what is -2 - -3021302133133?
3021302133131
In base 13, what is 5a8382c4 - 3?
5a8382c1
In base 8, what is 13462 + -54725?
-41243
In base 3, what is 10211020120002220 + -1?
10211020120002212
In base 11, what is -26 + 282a525?
282a4aa
In base 4, what is -11200101213 + 3?
-11200101210
In base 16, what is -26de0 + 1942?
-2549e
In base 2, what is 100011100001100100 + -101011?
100011100000111001
In base 4, what is -110 + -320130210?
-320130320
In base 4, what is 1101 + 13331303303?
13331311010
In base 5, what is -1020 + 21023434?
21022414
In base 11, what is 1921139 - -1?
192113a
In base 3, what is 120000000 + 2021020?
122021020
In base 11, what is -272754 + 36?
-272719
In base 4, what is 1233 - 213313113?
-213311220
In base 12, what is -344 - b3264?
-b35a8
In base 7, what is -1234450126 + 1?
-1234450125
In base 7, what is 22 + 206326006?
206326031
In base 7, what is 3000 + 62160?
65160
In base 4, what is -3322313 - -10221?
-3312032
In base 9, what is 41568 - -874?
42553
In base 14, what is 2 + -68c7a6?
-68c7a4
In base 13, what is 2395 - -738?
2b00
In base 8, what is 326 - 225765?
-225437
In base 14, what is -b7 + -307527?
-307600
In base 10, what is -126295639 - -4?
-126295635
In base 4, what is 1332231 - 113203?
1213022
In base 13, what is 0 - 684c372?
-684c372
In base 11, what is 462 - -203289?
203740
In base 16, what is 1 + -3098fc?
-3098fb
In base 6, what is 13444 - -13143555?
13201443
In base 2, what is 10011010011110001100 - 100010?
10011010011101101010
In base 8, what is -145545273 + -25?
-145545320
In base 10, what is 78634186 - -4?
78634190
In base 9, what is -6610 + -255?
-6865
In base 2, what is 101101010101000011001 + -11?
101101010101000010110
In base 8, what is 30630743 + -36?
30630705
In base 14, what is 1836a - 763?
17a07
In base 13, what is 11cb5 + 563?
12548
In base 2, what is -11001000101000100010110111100 + 1?
-11001000101000100010110111011
In base 14, what is -3516a - -a8?
-350a2
In base 10, what is -42 - 1164551?
-1164593
In base 4, what is 2000301 + 100223030?
102223331
In base 8, what is 55563103 - -16?
55563121
In base 6, what is -104 - -44551355?
44551251
In base 9, what is 12815 + -688?
12116
In base 2, what is -1111101101011101010011111 + 1?
-1111101101011101010011110
In base 7, what is -143434 - 154?
-143621
In base 11, what is 14722 + -250?
14482
In base 2, what is 1111011 + -10011100001011111?
-10011011111100100
In base 8, what is 4 - -111670531?
111670535
In base 11, what is 27784a0 - -30?
2778520
In base 15, what is -4b - 1e7?
-243
In base 10, what is -25434 + -49?
-25483
In base 14, what is 245d + 1a42?
40a1
In base 13, what is 10c8aa7 + 1?
10c8aa8
In base 4, what is -12113 + -1013213?
-1031332
In base 15, what is 239bd629 - -2?
239bd62b
In base 6, what is 252250 + 12153?
304443
In base 16, what is 82f + -7023?
-67f4
In base 14, what is -c3c + -568c?
-64ca
In base 13, what is -37 - -8919a?
89163
In base 7, what is -200236 + 4145?
-163061
In base 9, what is 7816 - 6036?
1770
In base 6, what is -242355 - -133?
-242222
In base 3, what is -102011010002201 + -2?
-102011010002210
In base 15, what is 1 + -596657?
-596656
In base 14, what is -3d0 + 3608b?
35a9b
In base 3, what is -20211102 + -1002111011?
-1100022120
In base 5, what is -212313 - 244201?
-1012014
In base 9, what is 2 + -2834782?
-2834780
In base 5, what is 12314012 + -31441?
12232021
In base 16, what is -8431fa + -45?
-84323f
In base 5, what is 13232112143 + -21?
13232112122
In base 4, what is -1101202000301 + -121?
-1101202001022
In base 9, what is 10 - 1621303?
-1621283
In base 3, what is -21210002012 + -10120?
-21210012202
In base 2, what is -1011001101001010011001 - 11011?
-1011001101001010110100
In base 7, what is 6531225 + 0?
6531225
In base 10, what is -2 - -3389589?
3389587
In base 12, what is 36361 - a?
36353
In base 9, what is 3 - -3160866?
3160870
In base 14, what is 50 + -4c049?
-4bdd9
In base 12, what is 40ba - 226b9?
-1a5bb
In base 8, what is -254625632 + -4?
-254625636
In base 14, what is -21c - 6a127?
-6a345
In base 12, what is -9 - 24581?
-2458a
In base 14, what is 9143b - -b2?
9150d
In base 15, what is 622 + -1a97d?
-1a35b
In base 2, what is -10000010100101 + -1001011001101011?
-1011011100010000
In base 12, what is -339 + -2a9?
-626
In base 12, what is -5 - 130a7b2?
-130a7b7
In base 6, what is -35 + -53502143?
-53502222
In base 4, what is -2030011331 - -103?
-2030011222
In base 3, what is 10111 - -221010122211?
221010210022
In base 15, what is -c9 - -6b07?
6a2d
In base 14, what is -1d40 + -10b?
-204b
In base 5, what is 3033101403320 + 2?
3033101403322
In base 7, what is 260014 + 235?
260252
In base 6, what is -343125141 - 5?
-343125150
In base 7, what is 14 + -5021613?
-5021566
In base 8, what is 2124 + 3447?
5573
In base 7, what is 55264 + -150462?
-62165
In base 15, what is 2e8360 - -44?
2e83a4
In base 16, what is 1 - 76cda?
-76cd9
In base 11, what is 51a959 - -7?
51a965
In base 7, what is -4 + 36323512?
36323505
In base 3, what is 11 - -21101202012022012?
21101202012022100
In base 2, what is -10100100010001110011111011 + 101?
-10100100010001110011110110
In base 8, what is -264451 + -204?
-264655
In base 1